{"id":7,"date":"2026-02-22T03:12:33","date_gmt":"2026-02-22T03:12:33","guid":{"rendered":"https:\/\/cardiotenses.bestoffersonlinestore.com\/?page_id=7"},"modified":"2026-02-22T03:15:58","modified_gmt":"2026-02-22T03:15:58","slug":"cardiotenses","status":"publish","type":"page","link":"https:\/\/cardiotenses.bestoffersonlinestore.com\/","title":{"rendered":"cardiotenses"},"content":{"rendered":"\t\t<div data-elementor-type=\"wp-page\" data-elementor-id=\"7\" class=\"elementor elementor-7\">\n\t\t\t\t<div class=\"elementor-element elementor-element-17552343 e-con-full e-flex e-con e-parent\" data-id=\"17552343\" data-element_type=\"container\" data-e-type=\"container\" data-settings=\"{&quot;background_background&quot;:&quot;classic&quot;}\">\n\t\t<div class=\"elementor-element elementor-element-45e848e4 e-con-full e-transform e-flex elementor-invisible e-con e-child\" data-id=\"45e848e4\" data-element_type=\"container\" data-e-type=\"container\" data-settings=\"{&quot;background_background&quot;:&quot;classic&quot;,&quot;animation&quot;:&quot;fadeInUp&quot;,&quot;_transform_scale_effect_mobile&quot;:{&quot;unit&quot;:&quot;px&quot;,&quot;size&quot;:0.7,&quot;sizes&quot;:[]},&quot;_transform_scale_effect&quot;:{&quot;unit&quot;:&quot;px&quot;,&quot;size&quot;:&quot;&quot;,&quot;sizes&quot;:[]},&quot;_transform_scale_effect_tablet&quot;:{&quot;unit&quot;:&quot;px&quot;,&quot;size&quot;:&quot;&quot;,&quot;sizes&quot;:[]}}\">\n\t\t\t\t<div class=\"elementor-element elementor-element-7702a682 elementor-widget elementor-widget-text-editor\" data-id=\"7702a682\" data-element_type=\"widget\" data-e-type=\"widget\" data-widget_type=\"text-editor.default\">\n\t\t\t\t\t\t\t\t\t<p style=\"text-align: right;\"><a href=\"https:\/\/r.nutraleads.com\/cardiotens-full\/es\/buy2\/?flow=5104\">Para cerrar<\/a><\/p>\t\t\t\t\t\t\t\t<\/div>\n\t\t\t\t<div class=\"elementor-element elementor-element-37d8487e elementor-widget elementor-widget-text-editor\" data-id=\"37d8487e\" data-element_type=\"widget\" data-e-type=\"widget\" data-widget_type=\"text-editor.default\">\n\t\t\t\t\t\t\t\t\t<p><span style=\"color: #000000;\"><strong>Pol\u00edtica de cookies<\/strong><\/span><\/p><p>Este sitio web utiliza cookies para personalizar el contenido y los anuncios, proporcionar funciones de redes sociales y analizar nuestro tr\u00e1fico. Al hacer clic en &#8220;Aceptar&#8221;, consientes el uso de cookies. Para obtener m\u00e1s informaci\u00f3n, visita nuestra. <a href=\"https:\/\/r.nutraleads.com\/cardiotens-full\/es\/buy2\/?flow=5104\">Pol\u00edtica de cookies<\/a><\/p>\t\t\t\t\t\t\t\t<\/div>\n\t\t\t\t<div class=\"elementor-element elementor-element-257c06dd elementor-align-center elementor-widget elementor-widget-button\" data-id=\"257c06dd\" data-element_type=\"widget\" data-e-type=\"widget\" data-widget_type=\"button.default\">\n\t\t\t\t\t\t\t\t\t\t<a class=\"elementor-button elementor-button-link elementor-size-sm\" href=\"https:\/\/r.nutraleads.com\/cardiotens-full\/es\/buy2\/?flow=5104\">\n\t\t\t\t\t\t<span class=\"elementor-button-content-wrapper\">\n\t\t\t\t\t\t\t\t\t<span class=\"elementor-button-text\">Aceptar<\/span>\n\t\t\t\t\t<\/span>\n\t\t\t\t\t<\/a>\n\t\t\t\t\t\t\t\t<\/div>\n\t\t\t\t<\/div>\n\t\t\t\t<\/div>\n\t\t<div class=\"elementor-element elementor-element-49a2a8c2 e-flex e-con-boxed e-con e-parent\" data-id=\"49a2a8c2\" data-element_type=\"container\" data-e-type=\"container\">\n\t\t\t\t\t<div class=\"e-con-inner\">\n\t\t\t\t<div class=\"elementor-element elementor-element-3ddbb65d elementor-widget elementor-widget-html\" data-id=\"3ddbb65d\" data-element_type=\"widget\" data-e-type=\"widget\" data-widget_type=\"html.default\">\n\t\t\t\t\t<script>\r\n(function() {\r\nconst utmParamQueryString = new\r\nURLSearchParams(window.location.search);\r\nif (utmParamQueryString.toString()) {\r\nvar allLinks = document.getElementsByTagName('a');\r\nfor (var i = 0; i < allLinks.length; i++) {\r\nvar link = allLinks[i];\r\nif (link.href.indexOf('?') === -1) {\r\nlink.href += '?' + utmParamQueryString.toString();\r\n} else {\r\nlink.href += '&' + utmParamQueryString.toString();\r\n}\r\n}\r\n}\r\n})();\r\n<\/script>\r\n\t\t\t\t<\/div>\n\t\t\t\t\t<\/div>\n\t\t\t\t<\/div>\n\t\t\t\t<\/div>\n\t\t","protected":false},"excerpt":{"rendered":"<p>Para cerrar Pol\u00edtica de cookies Este sitio web utiliza cookies para personalizar el contenido y los anuncios, proporcionar funciones de redes sociales y analizar nuestro tr\u00e1fico. Al hacer clic en &#8220;Aceptar&#8221;, consientes el uso de cookies. Para obtener m\u00e1s informaci\u00f3n, visita nuestra. Pol\u00edtica de cookies Aceptar<\/p>\n","protected":false},"author":1,"featured_media":0,"parent":0,"menu_order":0,"comment_status":"closed","ping_status":"closed","template":"elementor_canvas","meta":{"footnotes":""},"class_list":["post-7","page","type-page","status-publish","hentry"],"_links":{"self":[{"href":"https:\/\/cardiotenses.bestoffersonlinestore.com\/index.php?rest_route=\/wp\/v2\/pages\/7","targetHints":{"allow":["GET"]}}],"collection":[{"href":"https:\/\/cardiotenses.bestoffersonlinestore.com\/index.php?rest_route=\/wp\/v2\/pages"}],"about":[{"href":"https:\/\/cardiotenses.bestoffersonlinestore.com\/index.php?rest_route=\/wp\/v2\/types\/page"}],"author":[{"embeddable":true,"href":"https:\/\/cardiotenses.bestoffersonlinestore.com\/index.php?rest_route=\/wp\/v2\/users\/1"}],"replies":[{"embeddable":true,"href":"https:\/\/cardiotenses.bestoffersonlinestore.com\/index.php?rest_route=%2Fwp%2Fv2%2Fcomments&post=7"}],"version-history":[{"count":4,"href":"https:\/\/cardiotenses.bestoffersonlinestore.com\/index.php?rest_route=\/wp\/v2\/pages\/7\/revisions"}],"predecessor-version":[{"id":18,"href":"https:\/\/cardiotenses.bestoffersonlinestore.com\/index.php?rest_route=\/wp\/v2\/pages\/7\/revisions\/18"}],"wp:attachment":[{"href":"https:\/\/cardiotenses.bestoffersonlinestore.com\/index.php?rest_route=%2Fwp%2Fv2%2Fmedia&parent=7"}],"curies":[{"name":"wp","href":"https:\/\/api.w.org\/{rel}","templated":true}]}}